*d. Let n = -6 + d. What is the units digit of n?
8
Suppose -4*v = p - 3, -3*p - 14 = -3*v + 7. Suppose -i + v + 1 = 0. Suppose 2*l - 5 = i. What is the units digit of l?
4
Let v(o) = o**2 - o + 1. Let k be v(0). Suppose -3*w = -k - 116. What is the units digit of w?
9
Suppose -2*u - u - 5*s + 55 = 0, 3*s = -2*u + 36. Suppose -5*j = 2*c - 25, -10 = -5*c + u. Let w = -2 + j. What is the units digit of w?
1
Let c = 6 - 4. Suppose c = -2*x + 6. Suppose 3*w = -2*y - x*y + 20, 4*w = 3*y + 35. What is the units digit of w?
8
Suppose 3 = -3*l + 6. What is the tens digit of l/3 + (-140)/(-12)?
1
Suppose 19*p = 37 + 7620. What is the tens digit of p?
0
Let r = 439 - 279. What is the hundreds digit of r?
1
What is the units digit of (-20)/(-6)*(-36)/(-20)?
6
Let v(o) = -3*o - 4. Let w be v(-3). Suppose w*u - 23 = 37. What is the units digit of u?
2
Suppose 3*b + 52 = 223. Suppose b + 51 = 3*d. What is the tens digit of d?
3
Suppose -3*g - 83 = -5*i, -11 = -i + 3*g + 8. What is the tens digit of i?
1
Suppose 1012 = 454*y - 450*y. What is the units digit of y?
3
Let h(b) = -b**3 + b**2 + b - 2. Let a be h(-2). Suppose -3*y = -4*u + a + 9, 0 = -4*y + 4*u - 16. Suppose -n + y + 4 = 0. What is the units digit of n?
5
Let t(q) = 54*q**2 - 2*q - 3. What is the tens digit of t(-1)?
5
What is the tens digit of (11 + -8)/((-15)/2)*-325?
3
Suppose 4*g - 22 = 5*t, 4*t - 2 + 4 = -2*g. Suppose 2*j - 3 = g. What is the units digit of j?
3
Let r(g) = -g**3 - 3*g**2 + 3. What is the units digit of r(-5)?
3
Let r = 15 + -9. Let t = 22 - r. What is the tens digit of t?
1
Let p = 0 + 0. Suppose 2*f + 3 = -1. What is the tens digit of p - f - 3 - -11?
1
Suppose 0*l - 10 = 5*x - 5*l, x - 10 = -3*l. What is the units digit of x?
1
Let i be 3/((-1)/(2/(-3))). Let k be (1/i)/(3/12). Suppose 8 = -u + k*u. What is the units digit of u?
8
Suppose -u = -0*u - 1. Suppose -3*k + u = -2*k. What is the units digit of k?
1
Let g(z) = -z**2 - 6*z + 3. Let m be g(-5). Let a be (-3)/12 + (-22)/m. What is the units digit of 5 - (-5 - (a + 0))?
7
Suppose 5*k + 7*v = 2*v - 10, 0 = -3*k + 4*v - 6. What is the units digit of 13/26*(-4)/k?
1
Let k = -8 - -7. Let w = k + 10. What is the units digit of w?
9
Let c = 182 + -126. What is the tens digit of c?
5
Suppose v - 69 = 4*g, -69 = -v - 3*g + 2*g. What is the units digit of v?
9
Suppose -5*a - 96 - 26 = -2*h, -4*h = -4*a - 232. What is the units digit of h?
6
Let n = 16 + -11. Suppose 4 = -c + n*c. What is the units digit of c?
1
Suppose 5*c = c + 2*w + 14, 0 = -2*w + 2. Suppose -3 = c*p - 15. Suppose -y - 5*r = 12, 0*y + 2*r - 16 = -p*y. What is the units digit of y?
8
Let m(n) = 27*n**2 + n. Suppose 3*x = -g - 2, 0 = 3*g - g - 2. What is the units digit of m(x)?
6
Let a = -6 + 12. What is the tens digit of (-3)/a - 31/(-2)?
1
Let q(v) = v**2 - 17*v + 45. What is the tens digit of q(18)?
6
Let b(h) = h**2 + h + 10. Let s be b(0). Suppose 4*r + 5*m - 6*m = s, 0 = -2*r + 3*m. Suppose -24 = p - 6*p - 3*n, r*p + 5*n = 24. What is the units digit of p?
3
Let v(o) = o - 6. Let g be v(10). Suppose -5*j + z + 13 = -0*z, g*j + 2*z = 2. Suppose -3*f = -f - j. What is the units digit of f?
1
Suppose 5 = -v + q, -2*v = -5*q + 2 + 23. Suppose -l + 33 - 3 = v. What is the tens digit of l?
3
Let g = -4 + 4. Let n = g + 5. Suppose q + n = 11. What is the units digit of q?
6
Let j(q) = 2*q - 12. Let y be -3 + 33 - 0/(-2). Suppose -5*b + y = -5*f, -28 = -b - b - 2*f. What is the units digit of j(b)?
8
Let r(p) = -3 + 3*p**2 + 4 + 2*p - 2*p**2. Let u be r(-1). Suppose n = 5 - u. What is the units digit of n?
5
Suppose -5*h + 655 = 3*f + 122, 5*f = 4*h + 950. What is the units digit of f?
6
Let x(p) = p**3 - 3*p**2 - 4*p + 9. What is the units digit of x(4)?
9
Let a(m) = -m**3 - 8*m**2 - m - 3. What is the units digit of a(-8)?
5
Let i = 24 - -11. Let b = 51 - i. What is the tens digit of b?
1
Let q(y) = y**2 - 10*y + 1. What is the units digit of q(11)?
2
Let c(n) = -n**2 + 8*n - 7. Let j be c(5). Let h(y) = 2*y + 37. Let u be h(-16). Let w = j - u. What is the units digit of w?
3
Suppose 3*r - 4*r = 5*d - 12, 3*d - 6 = 0. What is the units digit of 1/r*-4 - -29?
7
Let d(m) = m + 11. Suppose 2*a = 3*a - 3*w + 14, w = -2*a - 14. What is the units digit of d(a)?
3
Let z = 3 + 1. Suppose u + z*u - 80 = 0. Suppose -a + u = 3*a. What is the units digit of a?
4
Let f = -16 - -49. What is the tens digit of f?
3
Let w = 185 + -131. Suppose 5*o - 2*k - w = 0, 0 = o + 2*o - 3*k - 27. What is the units digit of (o/(-10))/(12/(-80))?
8
Suppose -2*o + 160 = 4*t, -t - 104 = -o + 3*t. What is the tens digit of o?
8
What is the tens digit of (-11)/(-22) - 3/(6/(-151))?
7
Let b be (-20)/8 - 2/(-4). What is the units digit of (-2)/b*-1 + 2?
1
Suppose -903 = -4*z - 3*z. What is the hundreds digit of z?
1
Let f be (7/(-3))/((-9)/27). Suppose 2*u - 4*l = f*u - 26, 0 = 2*l - 8. What is the tens digit of (8/10)/(u/25)?
1
Let u(j) = j**2 - 9*j + 11. Let m be u(8). Suppose -2*c = -o - 6, -m*o = -3*c - 5*o + 2. What is the units digit of c?
2
Let r(x) = 3*x**3 - x + 1. Let f be r(1). Suppose f*a = 3*m + 9, -12 = 2*m + 2*m - 2*a. Let s = m + 10. What is the units digit of s?
7
Suppose 0*s = -4*s + 256. What is the tens digit of s?
6
Let f(y) = 2*y**2 - y + 26. What is the tens digit of f(0)?
2
Let w be (-1 + 3)*(-6)/(-4). Suppose -3 - 30 = -2*k + n, w*k - 5*n = 53. What is the tens digit of k?
1
Let s(w) = 3*w - 5. Let x = 1 + 3. Suppose x*g = g + 15. What is the tens digit of s(g)?
1
Suppose 0 = 3*k + 2*r - 4, 3 = -r + 2. What is the units digit of k/(-12) + (-124)/(-24)?
5
Let d(r) be the third derivative of -r**4/6 + r**3/2 + 2*r**2. Let k be d(-4). Suppose 2 + k = 3*p. What is the units digit of p?
7
Let h be 4 - 3*6/(-9). Suppose -j + 34 = h*b - b, 2*b - j = 15. What is the units digit of b?
7
Suppose -3*p + 45 = 2*a, -3*p - a + 30 = -p. Suppose -m + 4*d - 18 = 0, 0 = -3*m + 3*d - 78 + p. Let r = 32 + m. What is the units digit of r?
0
Let g(d) = -d**3 - 11*d**2 - 9*d + 13. Let j be g(-10). Suppose f - u - 6 = -0*u, 4*f + j*u - 52 = 0. Suppose 2*m + 2 = f. What is the units digit of m?
4
Suppose -3*a + 5 = -2*f, -f + 3*a = 2*f + 6. Let y = f + 4. What is the units digit of 3 - (-2)/3*y?
5
Let h(j) = 11*j + 4. Let c be h(5). Suppose 0*t - 5*r - c = -3*t, 3*t + 4*r = 23. What is the tens digit of t?
1
Suppose 2*h = -3*g - g + 236, 8 = 2*g. What is the units digit of h?
0
Suppose -4*u + 231 = -665. What is the hundreds digit of u?
2
Suppose -3*x = 2*p - 335, -x + 4*p + 109 = 2*p. What is the tens digit of x?
1
Suppose 0 = -2*f - t + 95, 0 = -f - 4*t + 43 + 15. What is the tens digit of f?
4
Let g(a) = -a**2 + 7*a + 4. Let u(t) = t**2 + 2*t - 2. Suppose 5*k = -4*o - 4, 0 = -k - 5*o + 10 + 6. Let h be u(k). What is the tens digit of g(h)?
1
Let j be 1*0*(-3)/(-6). Let t = j - -2. Suppose 0*n = -3*n - 2*p - 4, 2*n - t*p - 14 = 0. What is the units digit of n?
2
Suppose 386 + 54 = 10*q. What is the tens digit of q?
4
Suppose 5*o = -5*g + 20, -3*g - 4*o + 12 = -2. Let k = g - -5. What is the units digit of k?
7
Let w be 5 + (-3 - 0) - 2. Suppose -3*g = -w*g + 30. What is the units digit of (-8)/(-20) + (-6)/g?
1
Let j(n) = 2*n + 1. Let i be j(2). Suppose -9 = -5*w + 3*c, i*w = -0*w + 4*c + 7. What is the units digit of w?
3
Suppose 0 = 2*t - 0*t - 40. What is the units digit of t?
0
What is the tens digit of 2 + (-39)/(-1) - -4?
4
Suppose 65 = -5*y + b, 3*y + 37 = -3*b - 20. What is the units digit of (-65)/(-7) + 4/y?
9
Let r(z) = 8*z - 2. What is the tens digit of r(4)?
3
Let g(k) be the second derivative of -17*k**4/24 + 3*k**2/2 + 3*k. Let a(q) be the first derivative of g(q). What is the units digit of a(-1)?
7
Suppose 272 = 3*l - 82. What is the hundreds digit of l?
1
Suppose 3*k + 0 - 9 = 0. Suppose k*n - 7 = -v, 2*v = -n - 2*n + 8. What is the units digit of 1 - (-1)/(-1 + n)?
2
Suppose -2 = -2*t, 2*n + 2*n - 156 = 4*t. What is the tens digit of n?
4
Suppose -2*p + 73 = 5*h, 3*h - 100 - 11 = -4*p. What is the units digit of p?
4
Suppose f = -3*g + 30, 4*f + 7 = g - 3. What is the units digit of g?
0
Let v be (-1 - -10)/3 - -2. Suppose -v*o = -w - w - 17, 3*o - 19 = -w. Suppose 44 = 3*a + 4*r, -o*a = 3*r - 6*r - 25. What is the units digit of a?
8
Let o = -8 + 74. What is the ten